t t(q) = -3*i(q) - 2*o(q). Determine t(-6).
0
Let p = 7 + -4. Suppose 0 = 4*l + 2*h + 26, -2*l + h = -0*l + p. Let c(y) = -8*y - 4. Let b(f) = f. Let u(v) = -6*b(v) - c(v). Give u(l).
-4
Let k(b) = 4*b + 1. Let w = -9 - -7. Determine k(w).
-7
Let f = -23 - -33. Suppose 5*v = 5*g + f, 2*g + 13 = 2*v - 3*g. Let p(a) = -a - 3 + 3 - 8*a**2. Determine p(v).
-7
Let g(m) = -5*m**2 + 1. Suppose 2*k + 1 = 3. Suppose -31 = -5*s + 5*d - k, d = -5*s. Determine g(s).
-4
Let l(c) = -7*c**3 - c**2 + c + 1. Suppose -15 = -2*t + u, 0 = -t + 2*u - u + 10. Let r be 3/t + (-16)/10. Determine l(r).
6
Let o(m) = 1 - m**2 + 3*m**2 - 3*m**2 + 3*m**3 - m. Suppose -18 = -4*s - 14. Calculate o(s).
2
Let p = 23 + -11. Suppose -x - p = x. Let z(c) = 5*c + 7. Let a(r) = 4*r + 6. Let l(d) = x*a(d) + 5*z(d). Calculate l(0).
-1
Let o(k) = k**2 - 4*k**2 - 3*k**2 + k. What is o(-1)?
-7
Let s(g) = g**3 - 8*g**2 - 8*g - 6. Suppose 12*a - 45 = 7*a. Let d be s(a). Let k(c) be the first derivative of c**3/3 - c**2 - 3*c + 1. Calculate k(d).
0
Let d be (-23)/(-7) + (-2)/7. Let k = -7 + 10. Let f(r) = -6 - r**d + r + 5*r**2 - 1 + k. Determine f(5).
1
Let r(x) = -x**3 - 5*x**2 - x + 2. Suppose z + 11 = 2*l, 2*l - 13 = 3*z + 4. Suppose -l*o - 5 = 3. Calculate r(o).
-8
Suppose 0 = -q - 3 - 2. Let m(i) = 6*i - 3. Let t(a) = 7*a - 3. Let o(w) = -6*m(w) + 5*t(w). Calculate o(q).
8
Let k = 12 - 7. Suppose 3*w - h = 2*w + 10, w = k*h + 18. Let f be w/(-6)*(1 - -2). Let c(p) = p**3 + 5*p**2 + 3*p + 3. Calculate c(f).
7
Let g be 2/4*(1 + 3). Let c(h) be the second derivative of 0 + 5/6*h**3 - 1/12*h**4 - h + h**g. Give c(5).
2
Let w(z) = -z**3 - 3*z - 13. Let m(u) = u - 1. Let o(v) = 4*m(v) + w(v). Give o(0).
-17
Let m = 15 + -9. Let k(p) be the third derivative of p**6/120 - p**5/10 + p**3/3 - 26*p**2. Give k(m).
2
Let y = -33 - -37. Let r(u) = u**2 - 4*u - 2. Let x(p) = 2*p**2 - 8*p - 4. Let h(b) = -5*r(b) + 2*x(b). Calculate h(y).
2
Let j(l) be the second derivative of l**4/12 + 3*l**3/2 + l**2 - 22*l. Determine j(-9).
2
Let j(i) be the second derivative of i**3/6 + 2*i**2 - 3*i. Let u be 20/(-6) - (-1)/3. What is j(u)?
1
Let s(t) = -t**3 + 4 + 962*t**2 + 5*t - 962*t**2. Give s(-3).
16
Let p(g) = g**3 + g**2 - g - 1. Let q(x) = 4*x**3 + x**2 - 5*x. Let v(s) = 3*p(s) - q(s). What is v(2)?
1
Let m(n) = -n - 9. Let a(y) = 8*y. Let x be a(-1). Determine m(x).
-1
Let m(g) be the second derivative of 1/12*g**4 + 7/2*g**2 + 0*g**3 + 0 - 2*g. Give m(0).
7
Let t be 3 + (-2 - -1) + -2. Let s(w) = -w**3 - w**2. Give s(t).
0
Let m(o) = -o**2 + 3. Let b = -1 - -1. Determine m(b).
3
Let n = 19 - 25. Let w(g) = 5 - g**2 - 3*g + 0 - 2*g. Determine w(n).
-1
Let h(s) be the second derivative of -s**5/20 - s**4/2 - 5*s**3/6 + 3*s**2/2 - 4*s. Determine h(-5).
3
Let v = -10 - -19. Let x = 4 - v. Let i(l) = l - 2. Determine i(x).
-7
Suppose -32*j = -33*j + 1. Let g(q) = 8*q - 1. Calculate g(j).
7
Let d(s) be the first derivative of 3*s + 3/2*s**2 - 4. Give d(-2).
-3
Let a(t) be the first derivative of -t**4/4 + 3*t**2/2 - 3. Give a(-3).
18
Suppose 2*b = 5*o - b - 7, -b - 6 = 2*o. Let z(g) = 2*g - 4*g - 8*g**3 - g**3 + g - g**2. Determine z(o).
9
Let i(l) be the third derivative of l**6/120 + 7*l**5/60 + 5*l**4/24 - l**3/2 + 2*l**2. Suppose 2*r + 2*f = 1 - 3, 3*f - 9 = -r. Calculate i(r).
3
Let o(k) = k**2 - 13*k + 11. Let x be o(12). Let p(b) = -2*b - 10. Let i(f) = -1. Let s(n) = x*p(n) + 6*i(n). What is s(-4)?
-4
Let r(k) be the second derivative of -2*k**3/3 - 24*k. What is r(-1)?
4
Let f = 34 + -38. Let q(s) = s**2 + 4*s - 5. Calculate q(f).
-5
Let o(s) = 2*s**2 - 4*s. Let y(z) = -2 + 4 + z**3 - 9*z**2 - 3 + 11*z. Let i be y(8). Suppose 0 = -5*d - 3*c, d + 5*c - 1 = -i. Give o(d).
6
Let c(v) = -v**2 - v - 1. Let a(y) = 2*y**2 - 4*y + 2. Let m be a(4). Suppose -i - m = -4*i. Suppose i = 4*q - q. What is c(q)?
-7
Let f(t) be the third derivative of -t**4/8 + t**3/6 - 30*t**2. What is f(1)?
-2
Let i = -12 - -17. Suppose -1 = -4*k + 15. Let t(n) = n**2 - k*n - i*n - 1 + 5*n. Determine t(5).
4
Let z be (-2)/3 + (-55)/(-15). Let p(c) be the third derivative of -1/24*c**4 + 0*c**z + 0*c + 0 + 2*c**2. Determine p(1).
-1
Let g(f) = 4*f - 4. Let h(n) = 3*n - 3. Let m(o) = -2*g(o) + 3*h(o). Suppose 5 = l, l = 3*x - 2 + 19. Calculate m(x).
-5
Let t(i) be the third derivative of i**6/120 - i**5/12 - i**4/24 + 7*i**3/6 - 5*i**2. Determine t(5).
2
Let z(q) = 4 - 5*q + 16*q**3 - 29 - 16. Suppose -2*o + 5*j + 25 = -22, -2*j + 45 = 5*o. Let a(h) = -3*h**3 + h + 8. Let d(b) = o*a(b) + 2*z(b). What is d(0)?
6
Let q(n) = 6 - 8 - n - 8 - n**2. What is q(0)?
-10
Let s(n) = -n + 7. Let t = 4 - 2. Suppose t*y = -y + 9. Give s(y).
4
Let g(r) = r**3 + r**2 - r + 1. Let z(c) = -3*c**3 + 2*c**2 + 3*c - 7. Let a(q) = -2*g(q) - z(q). Let j = 11 - 7. Give a(j).
1
Let x(y) = y**3 + 2*y**2 + 3*y + 2. Let u = 2 - 4. What is x(u)?
-4
Let z(l) be the second derivative of 0 + 1/2*l**2 + 1/2*l**3 - 5*l + 1/12*l**4. Determine z(-3).
1
Let n(p) = -11*p + 7. Let z(o) be the first derivative of o - 1/2*o**2 + 1. Let h(l) = n(l) - 4*z(l). What is h(2)?
-11
Let j be 15/4 + 1/4. Suppose j - 1 = -i. Let f(t) = -t - 3. What is f(i)?
0
Let y(w) = 2*w + 9. Let x be y(-2). Let g(l) be the first derivative of -2*l**2 - 1/4*l**4 - 1 + 2*l**3 - 6*l. Determine g(x).
-1
Let g(l) be the third derivative of -l**5/60 - 5*l**4/24 - l**3/2 + 3*l**2. Let u be (-1 + 13)*(-2)/4. Let w be -3 + u/(-3) - 2. Calculate g(w).
3
Let l = 0 - 3. Let y(s) be the first derivative of s**5/60 + s**3/6 - s**2 + 1. Let z(v) be the second derivative of y(v). Give z(l).
10
Let t be -4 + 3/6*6. Let d(k) = 11*k**3 - 2*k**2 - k. What is d(t)?
-12
Let y(r) = r + 9. Let c(n) = 2*n - 5. Let a be c(-4). Let o = a - -6. Calculate y(o).
2
Let o = -12 + 12. Let a(j) be the third derivative of o + 5/24*j**4 + 1/120*j**6 + 0*j - 1/10*j**5 - j**2 + 0*j**3. What is a(5)?
0
Let h(c) = -4*c**3 + 6*c**2 + c**3 + 5*c - 3 + 2*c**3 + 2*c**3. Let v = -7 - -7. Suppose -2*a - 6 - 4 = v. Calculate h(a).
-3
Let t(c) be the second derivative of c**3/3 - 3*c**2/2 - 10*c. Calculate t(5).
7
Suppose 40 = 5*k - 0*k. Let j(u) = u**2 - 8*u + 4. Let s be j(k). Let h(y) = y**3 - 3*y**2 - y - 3. Determine h(s).
9
Let w(h) = h**3 - 3*h**2 + 2*h - 4. Suppose 0*y - 6 = -2*y. Give w(y).
2
Let p(y) = y**2 - 3*y - 2. Let j be p(4). Suppose 0 = -4*b + 20, 0*b + 7 = 3*u + j*b. Let l(r) be the first derivative of -5*r**4/4 + r + 1. Determine l(u).
6
Let h = -85 + 84. Let i(t) = 9*t**2 + t + 1. What is i(h)?
9
Let h(x) = 3*x**2 - 1. Let y(q) = -q**2 + q + 1. Let o(j) = -h(j) - 4*y(j). Give o(5).
2
Let k = -14 - -8. Let u(h) = -h**2 - 7*h - 4. Let b be u(k). Let s(z) be the second derivative of z**5/20 - z**3/3 + z**2/2 - z. Give s(b).
5
Suppose -6 = -2*v - 2*o, 2*v - 4*o - 18 = -0*v. Let g(f) = -f + 1. Calculate g(v).
-4
Let o(v) be the first derivative of -v**3/3 + v**2/2 - 2*v + 17. Calculate o(0).
-2
Let a(j) = j + 8. Let w(z) = -2*z**2 - 3*z + 3. Let u(x) = 2*x + 7. Let y = 9 - 14. Let g be u(y). Let b be w(g). Determine a(b).
2
Let a(y) = 2*y - 3. Let u(v) = -v**3 - 3*v**2 + 3*v - 2. Let g be (4/(-10))/(1/10). Let f be u(g). Calculate a(f).
1
Let n(k) = -9*k**3 + k. Let a be 8/36 - 83/9. Let h be 6/a*6/(-4). What is n(h)?
-8
Let l(i) = i**3 - 3*i**2 - 4*i + 3. Let h be l(4). Let d(q) be the first derivative of -q - 1/3*q**3 + 5 + 2*q**2. Determine d(h).
2
Suppose 6*m - 10*m = -8. Let t(k) = -2*k - 2. Give t(m).
-6
Let v be (-1)/(-4) - (-66)/24. Suppose 18 = m + h - 5*h, 4*m + 23 = -v*h. Let n(j) = -j**3 - 5*j**2 - 4*j - 2. What is n(m)?
-6
Let c(o) be the third derivative of -3*o**2 + 0 - 1/6*o**3 + 0*o - 1/24*o**4. What is c(-4)?
3
Let m(h) = h**3 + 3*h**2 + 3*h + 4. Let y(a) = a. Let u(i) = -m(i) + 5*y(i). What is u(-3)?
-10
Let j(i) be the first derivative of i**4/2 - 10*i**3/3 + 13*i**2/2 - 4*i - 4. Let b(f) = f**3 - 5*f**2 + 6*f - 2. Let l(y) = -5*b(y) + 2*j(y). Determine l(4).
2
Let a(s) = -s + 14 - 25 + 4. Suppose 2*k + x - 14 = -4*x, 3*k + 5*x - 16 = 0. Suppose 0 = -4*y, -y = 2*v - k*y + 8. Give a(v).
-3
Let z(d) be the third derivative of d**6/60 + d**5/30 + d**4/24 - 11*d**2. Calculate z(-2).
-10
Let h(v) be the third derivative of v**5/60 - v**3/2 + v**2. Suppose -6*d + d + 45 = -5*b, 4*b + 12 = -2*d. Suppose d*y